3 - c. What are the prime factors of i?
2, 5, 7
Let y = 125 + -125. Suppose 4*s - 7*s = 5*k - 723, y = -5*s - k + 1205. List the prime factors of s.
241
Let r = 347 + -147. Suppose -q + d + 88 + 9 = 0, 0 = 2*q + 4*d - r. Suppose -3*b = -7*b + 12, 4*b = 2*g - q. List the prime factors of g.
5, 11
Suppose -h - 1 = 0, 26*u - h = 23*u + 5203. List the prime factors of u.
2, 3, 17
Suppose -2*s + 1964 = 4*p, 17 = s - 5*p - 951. List the prime factors of s.
2, 3, 163
Let v = -21 - -23. List the prime factors of 50/(1 + v/(-4)).
2, 5
Let x be -3*(-3 - (-2)/3). Suppose -38 + x = -b + 2*w, -w - 103 = -4*b. Suppose 0 = -5*n + h + 119, 0 = n - h - b + 2. What are the prime factors of n?
2, 3
Let r = -789 + 4651. List the prime factors of r.
2, 1931
Suppose -76*u + 1548 = -64*u. List the prime factors of u.
3, 43
What are the prime factors of (-3642)/(-4)*(-11)/(66/(-4))?
607
Suppose -3*z - 2*p + 2623 = 0, 0 = -6*z + 7*z + 2*p - 877. What are the prime factors of z?
3, 97
Suppose -69920 = -34*b + 2*b. What are the prime factors of b?
5, 19, 23
Let g(l) = 15*l + 53 - 5*l - 74. What are the prime factors of g(9)?
3, 23
Let l(b) = -152*b - 12. What are the prime factors of l(-3)?
2, 3, 37
Let h(k) = -21*k**3 + k**2 - 3*k + 1. Let y(r) = -r**2 - r. Let c(g) = -h(g) + 2*y(g). Let a be c(2). Suppose -4*j + 7 + a = 0. What are the prime factors of j?
41
Suppose 5*n - 2271 = -3*x, 12 = -3*n - n. What are the prime factors of x?
2, 3, 127
List the prime factors of ((-703)/10 + (-20)/(-25))*-4.
2, 139
Suppose 2*b + 16 = 4*u, -4*u + 3*b + 2 = -12. Suppose -1 = 2*j - u. Suppose j*d - 5*s - 32 = -0*d, 0 = s. List the prime factors of d.
2
Suppose 9 = -5*g + 2*z, -5*g - 3 = -g - 3*z. What are the prime factors of (-73)/(4/(-4)) + g?
2, 5, 7
Let t(o) be the second derivative of -o - 1/12*o**4 + 4/3*o**3 + 0 + 6*o**2. What are the prime factors of t(9)?
3
Let b = 9 + -14. Let m(o) = -2*o**2 - 1. Let n be m(b). Let r = -3 - n. List the prime factors of r.
2, 3
Suppose o - 28*o + 43335 = 0. List the prime factors of o.
3, 5, 107
Let b be (-110)/3 - 7/21. Let l = -33 - b. List the prime factors of l.
2
What are the prime factors of 9312/5 - (-7 + (-259)/(-35))?
2, 7, 19
Suppose -26 = 3*h + 22. Let v be (-12)/h*(-420)/(-5). Let g = v + 17. List the prime factors of g.
2, 5
Suppose 12 = -4*t, -3*t = -g - 0*t + 1154. List the prime factors of g.
5, 229
Let k(y) = 2*y**2 - 24*y - 29. Suppose -11*p + 146 = -41. List the prime factors of k(p).
3, 47
Let g = -326 - -723. What are the prime factors of g?
397
Suppose -3*b = 4*j + 15, 5*b + 0*b = -25. Suppose j = p - 5*p + 36. What are the prime factors of (-65)/(-9) + (-2)/p?
7
Suppose -2*u = -2792 - 720. List the prime factors of u.
2, 439
Let k(i) = i**3 - 2*i**2 + 2*i + 25. Let w be k(5). Suppose 4*r - w = -2*y + 2*r, 3*r = 2*y - 100. List the prime factors of y.
53
Let o = -1 - -2. Let s be 46*4/8*o. Let j = s + -15. What are the prime factors of j?
2
Suppose 5*s - 1337 - 348 = 0. What are the prime factors of s?
337
Let p(m) be the third derivative of 5*m**4/8 - m**3/6 + 7*m**2. List the prime factors of p(5).
2, 37
Let n be (-2120)/15*3/2. Let l = -117 - n. What are the prime factors of l?
5, 19
Let s(l) = l - 4. Let o be s(9). Suppose o*j - 406 = 764. What are the prime factors of j?
2, 3, 13
Let o(x) = -2 + 2*x**2 - 3 + 14*x + 0 + 0. List the prime factors of o(-10).
5, 11
Suppose -373 - 327 = -b. Suppose b = 28*x - 14*x. What are the prime factors of x?
2, 5
Suppose a + 2*t + 8 = -0*a, 0 = t + 5. Suppose a*k - 120 = -o, 2*k - 3*o - 50 = 70. List the prime factors of k.
2, 3, 5
Let s(n) = n**3 + 13*n**2 - n + 16. Let i be s(-13). Suppose 5*f = 4*f + 5. Suppose -f*w = -6*w + i. List the prime factors of w.
29
List the prime factors of 76/12*10*39 + 7.
2477
Let a be (25 + 2)/(36/24). Suppose -a*y + 995 + 1507 = 0. What are the prime factors of y?
139
Suppose 12*y - 10648 = -4*j + 8*y, -j + 5*y + 2686 = 0. What are the prime factors of j?
2, 31, 43
Let h(f) be the third derivative of f**5/60 - f**4/6 + 11*f**3/6 - 40*f**2. Let t(n) = -n + 2. Let k be t(-6). What are the prime factors of h(k)?
43
Suppose -18*x - 12 = 204. Suppose -4*y = -0*y + 160. List the prime factors of (84/10)/(x/y).
2, 7
Let p(g) be the second derivative of 31*g**3/6 - 2*g**2 - 2*g. What are the prime factors of p(2)?
2, 29
What are the prime factors of 6/16 - (-12)/((-1344)/(-253190))?
7, 17, 19
Let n(l) = 6*l**3 + l**2 + 10*l - 10. What are the prime factors of n(3)?
191
List the prime factors of -5 + (-240)/(-50) - (-9931)/5.
2, 3, 331
Let o(v) = -3*v**3 + 2*v**2 - v - 15. Let z(m) = 2*m**3 - 2*m**2 + m + 14. Let s(q) = 3*o(q) + 4*z(q). What are the prime factors of s(0)?
11
Suppose -i + 18*i - 1853 = 0. Let y = 214 - i. What are the prime factors of y?
3, 5, 7
Let a(o) = -o - 17. Let n be a(-15). What are the prime factors of n/(-10) - 957/(-15)?
2
Let k(v) = -2*v + 98 - 39 - 5 - 21. What are the prime factors of k(-6)?
3, 5
Suppose 3*v + 3*y - 744 = 0, -101 = 4*v - 5*y - 1048. List the prime factors of v.
3
Let z(h) be the third derivative of -h**6/120 - 11*h**5/60 + 5*h**4/12 + 5*h**3/2 - 2*h**2. Let i be z(-12). Suppose i = 4*x - 37. List the prime factors of x.
19
List the prime factors of (2 - -10 - -2252)*1.
2, 283
Suppose 1353 = -0*z + 3*z. Suppose 2*y - 41 = z. List the prime factors of y.
2, 3, 41
Suppose 2*v + 2*t - 708 - 170 = 0, 0 = v - 3*t - 419. List the prime factors of v.
2, 7, 31
Let t be (-16968)/(-30) - (-4)/10. Suppose t = 5*q + 81. List the prime factors of q.
97
Let y = -29 - -1063. List the prime factors of y.
2, 11, 47
Suppose -l + 7 = 2*w - 3*w, 3*w + 11 = l. Suppose -17 = -l*d + 8. Suppose -3*p + 5*f + 59 - 2 = 0, -4*p - d*f = -76. What are the prime factors of p?
19
Suppose u + 10 = 1. Let w = -7 - u. What are the prime factors of (6/w)/1 - -7?
2, 5
Let p be (-3)/(-6)*(-466)/(-1). Let q = -113 + p. What are the prime factors of q?
2, 3, 5
Let a = 2 + -10. Let s be (a/14)/(2/(-7)). Suppose 3*w - 73 = -4*q, -4*q + s*w + 39 + 59 = 0. What are the prime factors of q?
2, 11
Suppose -31*s + 61625 = 17481. What are the prime factors of s?
2, 89
Suppose -y = -2*d - 208, 4*y + d - 812 = 4*d. Let p be (-3 - 52/(-16)) + (-30)/(-8). Suppose p*v + r - 198 = 0, 2*r - y = -v - 3*v. List the prime factors of v.
7
Let k(g) = -6*g**3 + 2*g**2 - 7*g + 6. What are the prime factors of k(-4)?
2, 3, 5
Suppose -796 = 3*r - 9034. List the prime factors of r.
2, 1373
Let t be (-160)/6 - 3/9. Suppose 4*d - 60 = -3*o - 4, o = 0. Let l = d - t. What are the prime factors of l?
41
Let b(x) = 4 + 4 + 2*x - 8. Let v be (3/12)/(2/16). List the prime factors of b(v).
2
Let z be 1/2 + (-6)/(-4). Suppose -z*x - 2*x = 0. Suppose v = -x*v + 23. What are the prime factors of v?
23
Let t(r) = -r**3 - 40*r**2 + 55*r + 47. What are the prime factors of t(-42)?
5, 11, 23
Suppose -4*v - v + 1555 = 0. Let g = v - 146. Let x = g + -116. List the prime factors of x.
7
Suppose -4*p + 20 = -2*r - 2*r, r - 5*p - 3 = 0. Let m = r - -10. Suppose -80 = -4*b + 5*f, -m*b - 2*f + 60 = 3*f. List the prime factors of b.
2, 5
Suppose -68*r + 65*r = -2361. List the prime factors of r.
787
Let o(g) = 3*g - 2. Let j be o(-4). Let u = 10 - 27. Let l = j - u. List the prime factors of l.
3
Suppose 0 = -2*j + 3*m + 4418, -2*j + 8840 = 2*j - 4*m. List the prime factors of j.
2, 7, 79
Let r(k) = 8*k**2 + k**2 + 9 + 7*k - 8*k**2. Let g be r(-6). Suppose -g*p + 4*p = 32. List the prime factors of p.
2
Let m = 190 - -247. What are the prime factors of m?
19, 23
Suppose -3*h + 11319 = 18*h. List the prime factors of h.
7, 11
Suppose 7*p - 12*p = 10. Let r be (p/(-6))/(4/(-36)). What are the prime factors of -3*1*41/r?
41
Suppose -16*i + 114 = 3*i. List the prime factors of i/((-5)/(1 - 76)).
2, 3, 5
Suppose -664 - 484 = -4*d. What are the prime factors of d?
7, 41
Let p(d) = -6*d**3 - 2*d**2 - 2*d - 1. Let q be p(-1). Suppose 35 = q*j + 15. Suppose -j*g = 3*i - 87, -i - 2*g - g = -29. What are the prime factors of i?
29
Let n(l) = -4*l**3 - 47*l**2 + 6*l - 26. List the prime factors of n(-12).
2, 23
Let g(w) = 3*w - 17 - 7*w + 4*w**2 + w - 6*w. Let i(o) = -5*o**2 + 9*o + 16. Let q(r) = -6*g(r) - 5*i(r). What are the prime factors of q(-10)?
2
Let c(a) = -a**3 + 12*a**2 - 23*a + 6. List the 